23. Suppose w*r - 18 = t. What is the units digit of r?
6
Let s(g) = g**3 + 3*g + 1. What is the units digit of s(2)?
5
Let g be 1/(-3) + 105/(-9). Let l = -7 - g. What is the units digit of ((-4)/l)/(4/(-60))?
2
Suppose -20 = -5*q - 0*q. Suppose i - 2 = -0*i, 0 = -q*c + 2*i - 20. Let r = c - -9. What is the units digit of r?
5
Suppose 0 = -5*j - 4*t + 552, 3*t - 115 = 3*j - 430. What is the tens digit of j?
0
Let t be -120*((-32)/12)/(-4). Let g = -46 - t. What is the units digit of g?
4
Let o be 8/20 - 12/5. Let u be (o + -7)/(6/(-8)). Let z = u - 9. What is the units digit of z?
3
Let t(x) = -x**2 + 10. Suppose -2*h + 4*s = 0, -2*s + 0*s = 5*h. What is the tens digit of t(h)?
1
Suppose -h = -60 - 0. What is the units digit of h?
0
Let t = 91 - 55. Suppose -b + 24 = j, j + j = 4*b + t. What is the tens digit of j?
2
Suppose -2 - 1 = -3*h. Let g(s) = 5*s + 1. Let j be g(h). Suppose -a = -4*d + j, -8 = -2*a - 2*d + 10. What is the units digit of a?
6
Let m(p) = p**3 + 6*p**2 - 6*p - 6. What is the units digit of m(-5)?
9
Let d = 16 - 4. Suppose 0 = -4*r + d, 4*k + r = -0*k + 55. What is the tens digit of k?
1
Let j(t) be the second derivative of t**4/12 + 3*t**2 + t. Let c be j(0). What is the tens digit of c/(-4)*(-68)/6?
1
Let d(u) = u**3 - 5*u**2 - 4*u + 12. What is the tens digit of d(7)?
8
Let h be (5/((-2)/2))/(-1). Suppose 3*b = -5*o + 27, 5 = -2*b + h*o - 2. What is the tens digit of -5*b*3/(-6)?
1
Suppose -2*b + 44 = -218. What is the hundreds digit of b?
1
Let z(l) = 2*l**2 + 3*l - 10. What is the tens digit of z(-4)?
1
What is the hundreds digit of 115 + 5 - (1 - 5)?
1
Suppose -7 = -5*h + 13. What is the units digit of h?
4
Let f = 102 - -86. What is the hundreds digit of f?
1
Suppose 3*g = -5*y + 212, 5*g = -y - 132 + 478. What is the tens digit of g?
6
Let i be ((-8)/(-10))/((-2)/10). Let o = i + 9. Suppose 0 = o*t - 45 - 35. What is the units digit of t?
6
Suppose 5*g = -u + 23 - 10, 2*g = -2*u + 10. Suppose 0 = -0*w - u*w + 45. What is the units digit of (-4)/10 - (-111)/w?
7
Suppose -o = 5*m - 39, 18 + 7 = 3*m - o. Suppose y = 2*t - 2*y + 11, -3*t - 3*y + 6 = 0. Let f = t + m. What is the units digit of f?
7
Suppose -2*g + 3*j - 2*j = -13, -3*g + 2*j + 22 = 0. Let r be 15/(2 - -1) - 2. Suppose -5*a = -r*p - 40, 4*p = -g*a - 0*p. What is the units digit of a?
5
Let d = 2 + -3. What is the units digit of 2/2 + (d - -2)?
2
Let j = 1 - -4. Suppose j*p - 20 = p. Suppose 3*i - p*x = 36, -2*x + 0 = 6. What is the units digit of i?
7
Let f(r) = r**3 + 10*r**2 + 8*r - 10. Let v be f(-9). Suppose 0 = -2*z - 5*i + 10, 4 - 2 = -4*z + i. What is the units digit of 7/((z - 1)*v)?
7
What is the tens digit of -3*1*(-855)/27?
9
Let h(y) be the third derivative of -2*y**6/15 + y**5/60 + y**4/12 + y**3/6 + y**2. Let i be h(-1). What is the units digit of 2/(-7) + i/7?
2
Suppose -v - 4*v + 120 = 0. Let d be (5/15)/(2/18). Suppose -k - d*k = -v. What is the units digit of k?
6
Let a(h) = -2*h**2 - h**2 + 5*h + 2*h**2. Let o be a(5). What is the units digit of (8 - (0 - -3)) + o?
5
Let t = -5 - -5. Suppose t = k - 3*n + 1, 3*k - n + 0*n - 5 = 0. Suppose 0 = -b + k*b - 2. What is the units digit of b?
2
Let d = -5 + 10. Let k(a) = -a**3 + 7*a**2 - 4*a - 6. What is the units digit of k(d)?
4
Suppose 2*m = 6*m. Suppose 3*f - 5*f = m. Let p = 5 + f. What is the units digit of p?
5
Let s be 132/30 - 4/10. Let x = 10 - s. What is the units digit of x?
6
Let o = -20 - -44. Let i = o + 4. What is the units digit of i?
8
Let j = 349 + -202. What is the tens digit of j?
4
Suppose -252 = -3*z + 78. What is the tens digit of z?
1
Let m be 1*(-4 - 3) + 2. Let x = -4 - m. What is the units digit of x?
1
Let p(d) = -2 + d - 9 - 3*d + d**2 - 3*d. What is the tens digit of p(8)?
1
Suppose -t = -2*t + 11. Suppose -5*n + r - t = -29, 2*n = 4*r. Suppose -n*w + 4 = -j, 3*j + 0*w = 4*w + 28. What is the units digit of j?
6
Let g(s) = -s + 6. Let v be g(4). Suppose -v*m - 3*m = -20. Suppose -y - 1 = -m. What is the units digit of y?
3
Let k = 6 - 11. Let w(l) = -l**3 - 4*l**2 + 4*l - 3. What is the units digit of w(k)?
2
Let x(t) = -t**3 + 9*t**2 - 9*t + 12. Let s be x(8). Suppose -w - s*h - 5 = -9*h, -2*w = h - 23. What is the tens digit of w?
1
Suppose 0 = -3*s + 40 + 17. Suppose 3*h + 33 = a - 2*a, -h + 4*a - 11 = 0. Let y = h + s. What is the units digit of y?
8
Let v(n) = 2*n + 5. Let y be v(-6). Let x = -8 + 22. Let m = x + y. What is the units digit of m?
7
Let a(y) = y - 6. Let h be a(-9). What is the units digit of h/6*84/(-15)?
4
Suppose -5*h + 4*m + 142 = -15, 159 = 5*h - 3*m. What is the tens digit of h?
3
Let k(n) = -n**2 + 4*n. Let i be k(2). Suppose -4*v - 95 = 5*o + 25, -i*v + 60 = -4*o. Let g = -13 - o. What is the units digit of g?
7
Let h(x) be the third derivative of x**5/60 - 3*x**4/8 + x**3/6 - 3*x**2. What is the units digit of h(9)?
1
Let q be ((-68)/(-10))/(1/(-5)). Let g = q - -51. Suppose -3*w + g = -4. What is the units digit of w?
7
Let b(s) = s**3 + 10*s**2 + 4*s + 1. Let x be b(-7). Suppose 6*n = n + x. Suppose -4*a + 6*a - n = 0. What is the units digit of a?
2
Let b = -66 + 140. What is the units digit of b?
4
Suppose -10*s + 5*s + 20 = 0. Suppose -s*l - 19 = -107. What is the tens digit of l?
2
Let p(v) = -28*v + 20. What is the units digit of p(-6)?
8
Let o(j) = j**3 - 4*j**2 + 8*j - 9. What is the tens digit of o(5)?
5
Suppose 4*q + 102 = z, 273 = 3*z + 4*q - 1. What is the units digit of z?
4
Suppose -3*o = -0*o + 9. Let m(q) = 2*q**2 - 7*q - 1. Let w(h) = -3*h**2 + 11*h + 1. Let y(z) = 8*m(z) + 5*w(z). What is the units digit of y(o)?
9
Suppose -h + 87 - 19 = 4*k, -2*k + 124 = 2*h. What is the units digit of h?
0
Suppose -2*v + 2*l = v + 9, -3*l + 4 = 5*v. Let z(f) be the second derivative of 5*f**4/6 + f**3/6 + f. What is the units digit of z(v)?
9
Suppose -2*n + 0*n + 2*a + 154 = 0, n - 3*a - 67 = 0. What is the units digit of n?
2
Suppose -4*v - 135 = -7*v. What is the units digit of v?
5
Suppose -8*n = -286 - 514. What is the tens digit of n?
0
Suppose -5*w + 3*w = 14. Let a(c) = -2*c - 3. What is the tens digit of a(w)?
1
Let w(v) = -2*v - 4. What is the units digit of w(-4)?
4
Let b(h) = -h**3 + h**2 - h. Let c(v) = -2*v**3 + 3*v**2 - v. Let u(m) = 3*b(m) - c(m). What is the tens digit of u(-2)?
1
Suppose 3*r - 3*a + 227 = 4*r, -4*r - 4*a = -868. What is the units digit of r?
2
Let r(t) = -t**2 - 6*t. Let n be r(-4). Let z(p) = -2*p + 2. Let c be z(2). What is the units digit of (1/c)/((-2)/n)?
2
Suppose -10*b = -1237 - 13. What is the tens digit of b?
2
Let f = -5 - -9. Suppose -d = 5*h - 19, -6*h + 4 = -4*h + 4*d. Suppose -h*o = -f, -o = -2*k + 2 + 3. What is the units digit of k?
3
Let c = 6 - -26. Let y = 56 - c. What is the units digit of y?
4
Suppose 2*k + 4*v - 5*v = 100, k + 2*v - 60 = 0. Suppose -x + k = 3*x. What is the units digit of x?
3
Let w(l) = -23*l**3 + 2*l + 1. What is the tens digit of w(-1)?
2
Suppose -j - 5*n + 30 = -2*n, -2*j - 2*n = -72. What is the units digit of j?
9
Suppose 4*k - 3*n = 24, 2*k + 5*n - n + 10 = 0. Suppose 2*o + k*d = 7, -4*o + 2*o + 13 = -3*d. What is the units digit of o?
5
Let b be 2/11 - 5490/66. Let i = -52 - b. What is the units digit of i?
1
Let m = 21 + 0. Suppose 4*l = -5*s - 0*l + m, -2*l = s - 9. What is the units digit of s?
1
Let y(b) = -b**3. Let s be y(1). Let p = -5 - s. Let h = p + 10. What is the units digit of h?
6
Let h be (6/12)/((-2)/(-12)). Suppose -h*x + 40 = -62. What is the units digit of x?
4
What is the tens digit of 117/6*(-2)/(-3)?
1
Let b(h) = h**3 + 7*h**2 + 6*h + 5. Let u be b(-6). Let j = -7 + 12. Suppose u*d = -0*d + j. What is the units digit of d?
1
Let x(m) = -m**3 - 4*m**2 + 2*m - 2. Let f be x(-4). Let j = -4 - f. What is the units digit of j?
6
Let f = 1 + -4. Let i = 5 + f. What is the units digit of i?
2
Let k = 12 + -10. Suppose -9 = -k*n + 4*y + 45, 4*n + 3*y = 86. What is the tens digit of n?
2
Suppose z + 15 = -2*r - 4*z, 3*z + 9 = 2*r. Suppose 2*g + 0 = -4, -2*j + 3*g + 20 = r. What is the units digit of j?
7
Let f be -2*(3/(-2) - -1). What is the units digit of (f - 2)/((-2)/4)?
2
Let g(u) = 10*u**2 - 2*u + 18. What is the hundreds digit of g(6)?
3
Suppose -3 = -r + 10. Suppose 4*v - 11 = 5. Suppose v*u = r - 1. What is the units digi